869 + 10767. What is the remainder when c is divided by 156?
26
Let i = 675 - 139. What is the remainder when i is divided by 45/(-40) - (-432135)/3960?
104
Suppose 0 = 15*f - 18*f + 39. Let n(x) = -x + 5. Let y = -2 - 18. Calculate the remainder when n(y) is divided by f.
12
Let t be 12/8*4*2. What is the remainder when 137 is divided by 19/3 + (104/t - 9)?
5
Suppose -w = w + 5*f - 175, -140 = -2*w + 2*f. Let l(s) = -3402*s - 20398. What is the remainder when w is divided by l(-6)?
5
Let v(p) = -p**3 - 6*p**2 - 4*p - 19. Let b be v(-6). Suppose -u + 39 = -b*y, 3*u - 67 = 3*y + 14. What is the remainder when 152 is divided by u?
8
Calculate the remainder when 84/3 - (0 - 0) is divided by (-7 + (-4 - -1))/((-180)/(-12) + -17).
3
Suppose 2*j - 52 - 65 = 3*k, 96 = 2*j + 4*k. Calculate the remainder when j is divided by (-1)/((2/28)/(-1)).
12
Suppose -66*l = l + 67. Let u(j) = -30*j**3 + j**2. What is the remainder when u(l) is divided by 24?
7
Let j(a) = -a**3 - 2*a**2 + 7*a - 6. Let h be j(4). Let k = 50 + h. Let y = k + 48. Calculate the remainder when 45 is divided by y.
21
Let o = 1264 - 1234. What is the remainder when 112 is divided by o?
22
Let c be 22/5 - 4 - 276/(-60). Suppose -15*p = 5*k - 13*p - 153, -3*p + 152 = c*k. Calculate the remainder when 44 is divided by k.
13
Suppose -5*b + 411 - 481 = 0. What is the remainder when (-1012)/b + ((-235)/(-35) - 7) is divided by 11?
6
Let i = -205 - -216. Calculate the remainder when 51 is divided by i.
7
Suppose 2*o - 109 = -o - 4*q, -175 = -5*o - 5*q. Calculate the remainder when o is divided by 18.
13
Let u(l) = -184*l**3 - l**2 - 2*l - 1. Let g be 11/(-9) - (-4)/18. Let a = 3310 - 3279. Calculate the remainder when u(g) is divided by a.
29
Let b(t) = -t**2 + 39*t + 613. Calculate the remainder when b(46) is divided by 37.
32
Let g be 504/(-280)*10/(-3). Suppose -g = -d + 1. What is the remainder when 47 is divided by d?
5
Let r(c) = 12 - c - 3 - 2*c**2 - 2*c**3 + 0*c**2 + 11*c. Let v be -6 + (-2 + 5 - 2). Calculate the remainder when r(v) is divided by 18.
15
Suppose 5*j - 661 = y, 905 = 5*j + 3*y + 248. Let x = 6853 - 6786. Calculate the remainder when j is divided by x.
65
Let x(j) = 5*j**2 + 11*j - 20. Suppose -11*m = -15*m + 4. What is the remainder when x(2) is divided by (9/12 - m)*-52?
9
Suppose -466 = -23*j + 507 - 306. What is the remainder when 200 is divided by j?
26
Suppose 1571 = 5*p - 979. Let j = p + -332. Calculate the remainder when j is divided by 9.
7
Suppose -3*c - 32 = 229. Let i(l) = -l**3 - 25*l**2 + 120*l + 118. Let z be i(-29). What is the remainder when (1*(c - z))/(-1) is divided by 9?
8
Suppose -3*x + 2 = -1. Let f be 47/(-3) + 1 + x/(-3). Calculate the remainder when (-1488)/f + 2/(-10) is divided by 34.
31
Let a = 37 - 12. Let p = -218 - -234. Calculate the remainder when a is divided by p.
9
Let c = -155 - -396. Let p = -2321 + 2348. What is the remainder when c is divided by p?
25
Let f = 582 - -630. Suppose -16*j = -4*j - f. Calculate the remainder when j is divided by 26.
23
Suppose -3*y - 4*u = -145, -y + 108*u - 107*u = -39. What is the remainder when 323 is divided by y?
22
Suppose 0 = -14*u + 332 + 298. What is the remainder when ((-716)/5)/(138/(-345)) is divided by u?
43
Let g(z) = -2*z - 6. Let v be g(-20). Let b = -37 + v. Let s(y) = -y**2 - 8*y - 3. What is the remainder when s(b) is divided by 3?
0
Let g(s) = 45*s - 65. Let k = 158 - 139. Calculate the remainder when g(k) is divided by 44.
42
Let j(m) be the third derivative of m**5/60 - 3*m**4/8 + 5*m**3/6 - 6*m**2 - 5. What is the remainder when j(11) is divided by 14?
13
What is the remainder when (35/15 - -3)*(-37 - -76) is divided by 59?
31
Suppose -z + 204 = 3*z. Let o = -10984 + 10995. What is the remainder when z is divided by o?
7
Suppose 7 = 4*j - 1. Suppose j*o - 14 = -2*h, -9 = h - 6. What is the remainder when o is divided by 2?
0
Suppose 2819*v - 2824*v + 4548 = -2*m, 2*v - 5*m = 1815. Calculate the remainder when v is divided by 38.
36
Suppose -4*t - 4*b = -0 - 8, 2*b = -t. Suppose 21 = -t*x + 141. Calculate the remainder when 299 is divided by x.
29
Let w(v) = -18*v - 145. Suppose -4*q - 7 = -543. What is the remainder when q is divided by w(-9)?
15
Suppose 16*v - 21142 = -3366. Calculate the remainder when v is divided by 53.
51
Let z(r) = r**3 + 10*r**2 + 4*r + 1. Let u = 891 + -616. What is the remainder when u is divided by z(-9)?
45
Suppose -3*x = -3*w + 18, -5*w + 60 = x + 4*x. Suppose -b + 15 = -u, b = -w*u + 8*u + 25. Calculate the remainder when 49 is divided by b.
9
Let u(f) = f**2 - 29*f - 344. Calculate the remainder when 473 is divided by u(-11).
89
Suppose -146 = -4*u - 126. What is the remainder when 223 is divided by 17 - 0 - u/(5/3)?
13
Let i = -317 + 326. Let l(g) = -g**3 - 7*g**2 - 3*g + 5. Let c be l(-5). Calculate the remainder when (c/(-1))/((81/6)/i) is divided by 8.
4
Let p = 131 - 77. Let h = p - 32. What is the remainder when 2*(1 + 114/2 - 6) is divided by h?
16
Let s(c) be the first derivative of 12*c - 21 - 1/4*c**4 + 23/3*c**3 + 0*c**2. Calculate the remainder when 44 is divided by s(23).
8
Let s be 7 - 2 - (0 - -5). Suppose 2*x + 4*f + 580 = 7*x, s = -3*x + 2*f + 346. What is the remainder when x is divided by 38?
36
Suppose -2*q - 2115 = -3*w, -q = 3*w - 2103 - 3. Calculate the remainder when w is divided by 88.
87
Suppose 3*c + 3*b = 2*c + 196, 5*c - 932 = -3*b. Calculate the remainder when 1825 is divided by c.
169
Let b(h) = -77*h + 5564. Suppose -2*o = -4*o + 102. What is the remainder when o is divided by b(72)?
11
Suppose 4*i = 7*i - 81. Suppose -4*d + 156 = -d + 2*s, -4*s + 12 = 0. Suppose u - d = -4*u. Calculate the remainder when i is divided by u.
7
Let u be 10/(-6 - -66) - 2230/(-12). Calculate the remainder when ((-3 + u)/3)/(-2 - -3) is divided by 13.
9
Suppose -2*q + 415 - 13 = 0. Suppose 4*y - q = u, 162 = 3*y - 0*y + 3*u. What is the remainder when 1 - 7/5 - (-19280)/200 is divided by y?
45
Let m = 139 + -184. Let r = -22 - m. What is the remainder when r is divided by 10?
3
Let p = -204 + 249. Let k = -14 - -19. Suppose k*x + 2*s - 80 = s, 3*s = 5*x - 80. What is the remainder when p is divided by x?
13
Let h = 208 - 67. Suppose 32*c - 9 = 375. Calculate the remainder when h is divided by c.
9
Let a(t) = t**3 - 9*t**2 - 62*t - 107. Let u = 25 - 17. What is the remainder when u is divided by a(14)?
3
Let p = -21387 + 23209. Calculate the remainder when p is divided by 363.
7
Let p be (32/(-10))/(168/20 - 8). Calculate the remainder when 67 is divided by (-6 + 3)*p/(-12) - -19.
16
Suppose -166 = -3*t - 145. Suppose t*l - 270 = -4. Calculate the remainder when 493 is divided by l.
37
Let z(i) = 2*i**3 - 4*i**2 + i - 2. Let r(x) = 4*x**2 + 145*x - 1701. Calculate the remainder when r(10) is divided by z(3).
16
Suppose 3*a = 12 + 33. Suppose 3*k - 2*b - a = 0, -b = 4*k - 4*b - 20. Calculate the remainder when 38 is divided by k.
3
Suppose 99453 = 16*f - f + 33993. Calculate the remainder when f is divided by 208.
204
Let h = 804 - -336. Suppose 0 = -13*l + l + h. Calculate the remainder when l is divided by 6.
5
Suppose 3*w - 42 = -4*w. Suppose 234 = 6*g - w. Let c(p) = -2*p + 21. Calculate the remainder when g is divided by c(7).
5
Suppose 15*u - 2726 - 4219 = 0. Let k = 101 + u. Suppose 6*j - k = -6*j. Calculate the remainder when j is divided by 25.
22
Suppose 105 = 3*r - 69. Let c = r + -49. Let u(d) = d**3 - 11*d**2 + 12*d + 6. Calculate the remainder when u(10) is divided by c.
8
Let h be 6*(-4)/(-96)*-3*-4. Suppose h*t - 5*i + 3*i - 227 = 0, -225 = -3*t + 3*i. What is the remainder when t is divided by 34?
9
Let p(j) = j**3 + 24*j**2 + 72*j + 208. Calculate the remainder when 428 is divided by p(-21).
10
Calculate the remainder when 476 is divided by (1/3)/(8*(-2)/(-2544)).
52
Let c(u) = 5*u**3 - 16*u**2 - u. Let w(j) = j**3 - 3*j**2. Let f = 43 + -41. Let m(h) = f*c(h) - 11*w(h). Calculate the remainder when 94 is divided by m(-2).
14
Let h(k) = -2*k**3 + 45*k**2 - 37*k + 425. What is the remainder when 2469 is divided by h(22)?
94
Suppose -5*r - y = -711, -21*r + y = -18*r - 433. What is the remainder when r is divided by 138?
5
Let u = 9095 + -4204. What is the remainder when u is divided by 175?
166
Suppose 753 = 3*f + s, -